{"id":1067,"date":"2025-03-03T09:56:03","date_gmt":"2025-03-03T09:56:03","guid":{"rendered":"https:\/\/taninbeauty.com\/?page_id=1067"},"modified":"2025-08-24T13:35:01","modified_gmt":"2025-08-24T13:35:01","slug":"agb","status":"publish","type":"page","link":"https:\/\/taninbeauty.com\/index.php\/agb\/","title":{"rendered":"AGB"},"content":{"rendered":"\t\t<div data-elementor-type=\"wp-page\" data-elementor-id=\"1067\" class=\"elementor elementor-1067\" data-elementor-post-type=\"page\">\n\t\t\t\t<div class=\"elementor-element elementor-element-664dd9d0 e-flex e-con-boxed e-con e-parent\" data-id=\"664dd9d0\" data-element_type=\"container\" data-settings=\"{&quot;background_background&quot;:&quot;classic&quot;}\">\n\t\t\t\t\t<div class=\"e-con-inner\">\n\t\t<div class=\"elementor-element elementor-element-39fd9408 e-con-full e-flex e-con e-child\" data-id=\"39fd9408\" data-element_type=\"container\">\n\t\t\t\t<div class=\"elementor-element elementor-element-4a6b516a elementor-widget elementor-widget-text-editor\" data-id=\"4a6b516a\" data-element_type=\"widget\" data-widget_type=\"text-editor.default\">\n\t\t\t\t<div class=\"elementor-widget-container\">\n\t\t\t\t\t\t\t\t\t<h3>Allgemeine Gesch\u00e4ftsbedingungen\u00a0<\/h3><p>Der Auftraggeber verpflichtet sich, die Gesch\u00e4ftsbedingungen sorgf\u00e4ltig zu lesen und vollst\u00e4ndig zur Kenntnis zu nehmen. Die nachfolgenden AGB gelten f\u00fcr alle erteilten Auftr\u00e4ge. Sie gelten als vereinbart, wenn ihnen nicht umgehend widersprochen wird.<\/p><p>Allgemeines<\/p><p>Gegenstand des Auftrags ist die T\u00e4tigkeit des Make-up Artists zum vertraglich vereinbarten Zweck. Ein Vertragsverh\u00e4ltnis kommt ausschlie\u00dflich zwischen dem Make-up Artist und seinem Auftraggeber zu Stande. Der Rechnungsbetrag ist nach Rechnungsstellung oder Gutscheinausstellung, wenn nicht anders auf der Rechnung vermerkt, innerhalb von 14 Tagen zu zahlen. Skonto wird nicht gew\u00e4hrt.<\/p><p>Optionen<\/p><p>Optionen sind Reservierungen f\u00fcr die T\u00e4tigkeit des Make-up Artists zu einem festgelegten Termin. Die Option verf\u00e4llt sofort, wenn eine Festbuchung durch einen Dritten m\u00f6glich ist und der optionierte Termin auch nach R\u00fcckfrage bei dem Auftraggeber, mit dem die Option vereinbart wurde, nicht zu einer festen Buchung f\u00fchrt.<\/p><p>Festbuchung<\/p><p>Eine Festbuchung stellt eine f\u00fcr den Make-up Artist und den Auftraggeber verbindliche Auftragserteilung dar. Die Festbuchung erfolgt durch eine schriftliche Auftragsbest\u00e4tigung durch den Make-up Artist an den Auftraggeber, die er per Email erh\u00e4lt. Auch durch das Aush\u00e4ndigen eines Gutscheines an den Auftraggeber durch den Make-up Artist wird eine Festbuchung vereinbart. Im Falle einer Festbuchung steht dem Make-up Artist das vereinbarte Honorar auch dann in voller H\u00f6he zu, wenn der Auftrag aus Gr\u00fcnden, die der Make-up Artist nicht zu vertreten hat, nicht oder nicht im vereinbarten Umfang durchgef\u00fchrt wird und dies nicht mindestens 3 Werktage vor dem vereinbarten Termin schriftlich mitgeteilt wurde. Der Make-up Artist kann f\u00fcr die angebotenen Dienstleistungen, f\u00fcr halbe Tage (4 Stunden) oder ganze Tage (8 Stunden) gebucht bzw. optioniert werden. Es werden daher Dienstleistungs-, Tages- oder Halbtageshonorare vereinbart. Im Falle der Vereinbarung von Tages- oder Halbtageshonorare werden f\u00fcr Arbeitszeiten, die \u00fcber den gebuchten Zeitraum hinausgehen, die zus\u00e4tzlich anfallende Arbeitszeit nach Stunden berechnet. Der Stundensatz betr\u00e4gt umgerechnet 1\/8 des vereinbarten Tagessatzes.<\/p><p>Fremd- und Nebenkosten Bei einer Festbuchung im Profibereich hat der Auftraggeber anfallende Fremd- und Nebenkosten (z.B. Materialkosten, Requisiten, Stylingkosten, ggf. Reise- und \u00dcbernachtungskosten sowie Spesen bei Auftr\u00e4gen au\u00dferhalb des Wohnortes des Make-up Artists nach den steuerlichen Vorschriften, Servicegeb\u00fchren etc.) zu tragen und, je nach Absprache, vorab in voller H\u00f6he oder Anteilig an den Make-up Artist zu zahlen. Ansonsten ist der Make-up Artist nicht verpflichtet, seine T\u00e4tigkeit in dem vereinbarten Umfang zu erbringen. Wird der urspr\u00fcnglich erteilte Auftrag erweitert, ist der Make-up Artist berechtigt, zus\u00e4tzlich von ihm erbrachte T\u00e4tigkeit sowie entstandene Fremd- und Nebenkosten gesondert in Rechnung zu stellen.<\/p><p>Anreise Ist bei Inlandsreisen eine Anreise am Vortag erforderlich oder dauert eine Reise zum und vom Produktionsort pro Tag mehr als 4 Stunden oder liegt der Produktionsort au\u00dferhalb Deutschlands, so werden Reisetage, falls nicht anders abgesprochen, nach zeitlichem Aufwand berechnet. Grundlage ist das Tageshonorar.<\/p><p>Gestalterische Auffassung Der Auftraggeber bzw. ein von ihm Bevollm\u00e4chtigter ist verpflichtet, w\u00e4hrend des Shootings\/Drehs anwesend zu sein und seine Zustimmung zu der gestalterischen Auffassung des Make-up Artists zu geben. Sofern weder der Auftraggeber selbst noch ein Bevollm\u00e4chtigter bei dem Shooting\/ Dreh anwesend ist, kann die k\u00fcnstlerische Gestaltung des Werkes nicht zu einem sp\u00e4teren Zeitpunkt vom Auftraggeber abgelehnt werden. In einem solchen Fall ist jede neue Erstellung eines weiteren Werkes gesondert zu honorieren. M\u00e4ngelr\u00fcgen an der Leistung des Make-up Artists muss der Auftraggeber unverz\u00fcglich w\u00e4hrend der laufenden Produktion und unter genauer Bezeichnung der M\u00e4ngel geltend machen. Tut er dies nicht, so gilt die Leistung als vereinbarungsgem\u00e4\u00df erbracht, soweit es erkennbare M\u00e4ngel betrifft.<\/p><p>Honorar<\/p><p>Das Honorar des Make-up Artists deckt nur die im Zeitpunkt des Vertragsschlusses festgelegten Leistungen und vereinbarten Vertragszwecke ab. Bis zur vollst\u00e4ndigen Bezahlung des Honorars sowie etwaig entstandener Neben- und Fremdkosten beim Make-up Artist ist jegliche Nutzung der vertraglich erbrachten Leistungen des Make-up Artist unzul\u00e4ssig.<\/p><p>Ausfallhonorar<\/p><p>Die L\u00f6sung vom Vertrag, gleich ob durch R\u00fccktritt oder K\u00fcndigung, ist bei Festbuchungen nur aus wichtigem Grund m\u00f6glich.<\/p><p>Wird ein bereits begonnener Auftrag nicht fertig gestellt, oder annulliert der Auftraggeber einen Auftrag sp\u00e4ter als 5 Tage vor dem vereinbarten Termin, ohne dass der Make-up Artist dies zu vertreten hat, steht ihm das vereinbarte Honorar sowie die bis dahin angefallenen Neben- und Fremdkosten vollst\u00e4ndig zu.<\/p><p>Als begonnen gilt ein Auftrag, wenn der Make-up Artist mit der Ausf\u00fchrung seiner vertraglich geschuldeten Leistung begonnen hat.<\/p><p>Sollte der Make-up Artist seine T\u00e4tigkeit aufgrund einer Krankheit oder von ihm nicht zu vertretender Umst\u00e4nde nicht erbringen k\u00f6nnen, wird der Make-up Artist sich nach besten Kr\u00e4ften bem\u00fchen, einen ad\u00e4quaten Ersatz zu finden. F\u00fcr eventuell entstehende Zusatzkosten oder einen m\u00f6glichen Schaden haftet der Make-up Artist in diesem Falle nicht.<\/p><p>Testshootings<\/p><p>F\u00fcr so genannte Testshootings gelten folgende Besonderheiten: Sofern der Make-up Artist f\u00fcr seine Mitwirkung an einem Testshooting (Nutzung nur zur Eigenwerbung) kein oder nur ein sehr geringes Honorar erh\u00e4lt, die im Rahmen des Testshootings entstandenen Fotografien etc. aber sp\u00e4ter zu anderen Zwecken, z.B. zu Layoutzwecken oder im Rahmen einer Werbekampagne verwertet werden, steht dem Make-up Artist ein zus\u00e4tzliches angemessenes Honorar zu.<\/p><p>Die Angemessenheit des Honorars orientiert sich an dem f\u00fcr die Nutzung \u00fcblicherweise gezahlten K\u00fcnstlerhonorar und an dem erzielten Verwertungserl\u00f6s des Auftraggebers.<\/p><p>Leistungen des Make-up Artists im Rahmen eines Testshootings bzw. Testdrehs d\u00fcrfen ausschlie\u00dflich zu Testzwecken genutzt werden. Ohne ausdr\u00fcckliche Zustimmung des Make-up Artists d\u00fcrfen die bei Testshootings bzw. Testdrehs entstandenen Arbeiten\/Ergebnisse weder ganz, noch teilweise Dritten zur Nutzung (Vervielf\u00e4ltigung, Verbreitung und Ver\u00f6ffentlichung, auch durch Dritte) zur Verf\u00fcgung gestellt werden.F\u00fcr den Fall einer weitergehenden Nutzung ist die Leistung des Make-up Artists gesondert zu verg\u00fcten<\/p><p>Haftung<\/p><p>Bei von dem Make-up Artist Dritten zugef\u00fcgten Personen- und K\u00f6rpersch\u00e4den und bei Sch\u00e4den, die aus der Verletzung einer f\u00fcr das Vertragsverh\u00e4ltnis wesentlichen Hauptleistungspflicht herr\u00fchren, haftet der Make-up Artist bei der Durchf\u00fchrung des Auftrags nur f\u00fcr grob fahrl\u00e4ssiges oder vors\u00e4tzliches Handeln. Dies gilt auch f\u00fcr etwaig von ihm eingeschaltete Erf\u00fcllungsgehilfen.<\/p><p>Namensnennung<\/p><p>Der Make-up Artist hat Anspruch darauf, bei der Verwendung seines Werkes (einschlie\u00dflich Testshootings und Editorials) als Urheber genannt zu werden. Der Auftraggeber stellt die Umsetzung dieser Regelungen in seinen Vertr\u00e4gen mit Dritten sicher.<\/p><p>Verj\u00e4hrung<\/p><p>S\u00e4mtliche vertraglichen Anspr\u00fcche des Auftraggebers gegen den Make-up Artist verj\u00e4hren innerhalb eines Jahres ab dem gesetzlichen Verj\u00e4hrungsbeginn. Unber\u00fchrt davon bleiben Anspr\u00fcche f\u00fcr Sch\u00e4den aus der Verletzung des Lebens, des K\u00f6rpers oder der Gesundheit und Anspr\u00fcche f\u00fcr Sch\u00e4den, die auf einer grob fahrl\u00e4ssigen oder vors\u00e4tzlichen Pflichtverletzung beruhen.<\/p><p>Verwendung von Bildmaterial<\/p><p>Der Make-up Artist ist berechtigt, die Fotografien, Filme, analoge und digitale Datentr\u00e4ger bzw. Abz\u00fcge und Kopien davon, f\u00fcr deren Herstellung er seine T\u00e4tigkeit erbracht hat, zur Eigenwerbung zu nutzen, d. h. insbesondere auch in Form einer Aussendung bzw. im Internet zu ver\u00f6ffentlichen oder als Arbeitsprobe vorzuzeigen. F\u00fcr diesen Fall steht der Auftraggeber auch daf\u00fcr ein, dass das abgebildete Fotomodell (bzw. die Fotomodelle) mit der genannten Nutzung durch den Make-up Artist einverstanden ist\/sind.<\/p><p>Urheber &amp; Rechte\u00fcbertragung<\/p><p>Der Make-up Artist ist ausschliesslicher Inhaber s\u00e4mtlicher Eigentums-, Urheber- und sonstiger Schutzrechte an den von ihm \u00fcbersandten sowie \u00fcbergebenen Arbeitsproben in Form von Portfolios, Fotografien, analogen und digitalen Datentr\u00e4gern sowie Zeichnungen etc.<\/p><p>Diese Arbeitsproben des Make-up Artist d\u00fcrfen ohne vorherige Genehmigung nicht vervielf\u00e4ltigt und Dritten nicht zug\u00e4nglich gemacht werden und sind an den Make-up Artist zur\u00fcckzugeben. Ein Zur\u00fcckbehaltungsrecht an den Arbeitsproben steht dem Auftraggeber nicht zu. Es f\u00e4llt nicht in den Verantwortungs- und Aufgabenbereich des Make-up Artists, urheberrechtliche Nutzungsrechte f\u00fcr die Verwendung von Requisiten zu pr\u00fcfen bzw. entsprechende Nutzungsrechte einzuholen. Diese Aufgabe hat der Auftraggeber zu \u00fcbernehmen.<\/p><p>Der Auftraggeber erwirbt, soweit nicht anders vereinbart, kein Eigentum an den zur Verf\u00fcgung gestellten Materialien und Requisiten. Die aus der \u00dcbertragung der Rechte auf Dritte resultierenden Anspr\u00fcche des Auftraggebers werden bereits jetzt in H\u00f6he der zwischen dem Make-up Artist und dem Auftraggeber vereinbarten Honorare sowie etwaig entstehender Honorarnebenkosten und sonstigen Entgelte an den Make-up Artist abgetreten. Der Auftraggeber ist berechtigt,<\/p><p>die an den Make-up Artist abgetretene Forderung von Dritten im eigenen Namen f\u00fcr Rechnung des Make-up Artists einzuziehen. Er hat den eingezogenen Betrag innerhalb von sieben Tagen nach Eingang bei ihm an den Make-up Artist auszuzahlen. Der Auftraggeber ist nicht berechtigt, die Aufrechnung mit vom Makeup Artist bestrittenen bzw. nicht rechtskr\u00e4ftig festgestellten Gegenanspr\u00fcchen zu erkl\u00e4ren. Der Auftraggeber ist ferner nicht berechtigt, seine ihm gegen den Make-up Artist zustehenden Forderungen und Rechte an Dritte abzutreten bzw. zu \u00fcbertragen.<\/p><p>Bei unberechtigter Verwendung, Weitergabe sowie sonstiger nicht vereinbarter Nutzung wird vorbehaltlich weiterer Schadenersatzanspr\u00fcche ein Honorar in H\u00f6he des f\u00fcnffachen vereinbarten Honorars f\u00e4llig.<\/p>\t\t\t\t\t\t\t\t<\/div>\n\t\t\t\t<\/div>\n\t\t\t\t<\/div>\n\t\t\t\t\t<\/div>\n\t\t\t\t<\/div>\n\t\t\t\t<\/div>\n\t\t","protected":false},"excerpt":{"rendered":"<p>Allgemeine Gesch\u00e4ftsbedingungen\u00a0 Der Auftraggeber verpflichtet sich, die Gesch\u00e4ftsbedingungen sorgf\u00e4ltig zu lesen und vollst\u00e4ndig zur Kenntnis zu nehmen. Die nachfolgenden AGB gelten f\u00fcr alle erteilten Auftr\u00e4ge. Sie gelten als vereinbart, wenn ihnen nicht umgehend widersprochen wird. Allgemeines Gegenstand des Auftrags ist die T\u00e4tigkeit des Make-up Artists zum vertraglich vereinbarten Zweck. Ein Vertragsverh\u00e4ltnis kommt ausschlie\u00dflich zwischen dem [&hellip;]<\/p>\n","protected":false},"author":1,"featured_media":0,"parent":0,"menu_order":0,"comment_status":"closed","ping_status":"closed","template":"","meta":{"footnotes":""},"class_list":["post-1067","page","type-page","status-publish","hentry"],"yoast_head":"<!-- This site is optimized with the Yoast SEO plugin v25.1 - https:\/\/yoast.com\/wordpress\/plugins\/seo\/ -->\n<title>AGB - Tanin Beauty<\/title>\n<meta name=\"robots\" content=\"index, follow, max-snippet:-1, max-image-preview:large, max-video-preview:-1\" \/>\n<link rel=\"canonical\" href=\"https:\/\/taninbeauty.com\/index.php\/agb\/\" \/>\n<meta property=\"og:locale\" content=\"de_DE\" \/>\n<meta property=\"og:type\" content=\"article\" \/>\n<meta property=\"og:title\" content=\"AGB - Tanin Beauty\" \/>\n<meta property=\"og:description\" content=\"Allgemeine Gesch\u00e4ftsbedingungen\u00a0 Der Auftraggeber verpflichtet sich, die Gesch\u00e4ftsbedingungen sorgf\u00e4ltig zu lesen und vollst\u00e4ndig zur Kenntnis zu nehmen. Die nachfolgenden AGB gelten f\u00fcr alle erteilten Auftr\u00e4ge. Sie gelten als vereinbart, wenn ihnen nicht umgehend widersprochen wird. Allgemeines Gegenstand des Auftrags ist die T\u00e4tigkeit des Make-up Artists zum vertraglich vereinbarten Zweck. Ein Vertragsverh\u00e4ltnis kommt ausschlie\u00dflich zwischen dem [&hellip;]\" \/>\n<meta property=\"og:url\" content=\"https:\/\/taninbeauty.com\/index.php\/agb\/\" \/>\n<meta property=\"og:site_name\" content=\"Tanin Beauty\" \/>\n<meta property=\"article:modified_time\" content=\"2025-08-24T13:35:01+00:00\" \/>\n<meta name=\"twitter:card\" content=\"summary_large_image\" \/>\n<meta name=\"twitter:label1\" content=\"Gesch\u00e4tzte Lesezeit\" \/>\n\t<meta name=\"twitter:data1\" content=\"6\u00a0Minuten\" \/>\n<script type=\"application\/ld+json\" class=\"yoast-schema-graph\">{\"@context\":\"https:\/\/schema.org\",\"@graph\":[{\"@type\":\"WebPage\",\"@id\":\"https:\/\/taninbeauty.com\/index.php\/agb\/\",\"url\":\"https:\/\/taninbeauty.com\/index.php\/agb\/\",\"name\":\"AGB - Tanin Beauty\",\"isPartOf\":{\"@id\":\"https:\/\/taninbeauty.com\/#website\"},\"datePublished\":\"2025-03-03T09:56:03+00:00\",\"dateModified\":\"2025-08-24T13:35:01+00:00\",\"breadcrumb\":{\"@id\":\"https:\/\/taninbeauty.com\/index.php\/agb\/#breadcrumb\"},\"inLanguage\":\"de\",\"potentialAction\":[{\"@type\":\"ReadAction\",\"target\":[\"https:\/\/taninbeauty.com\/index.php\/agb\/\"]}]},{\"@type\":\"BreadcrumbList\",\"@id\":\"https:\/\/taninbeauty.com\/index.php\/agb\/#breadcrumb\",\"itemListElement\":[{\"@type\":\"ListItem\",\"position\":1,\"name\":\"Home\",\"item\":\"https:\/\/taninbeauty.com\/\"},{\"@type\":\"ListItem\",\"position\":2,\"name\":\"AGB\"}]},{\"@type\":\"WebSite\",\"@id\":\"https:\/\/taninbeauty.com\/#website\",\"url\":\"https:\/\/taninbeauty.com\/\",\"name\":\"Tanin Beauty\",\"description\":\"\",\"publisher\":{\"@id\":\"https:\/\/taninbeauty.com\/#organization\"},\"potentialAction\":[{\"@type\":\"SearchAction\",\"target\":{\"@type\":\"EntryPoint\",\"urlTemplate\":\"https:\/\/taninbeauty.com\/?s={search_term_string}\"},\"query-input\":{\"@type\":\"PropertyValueSpecification\",\"valueRequired\":true,\"valueName\":\"search_term_string\"}}],\"inLanguage\":\"de\"},{\"@type\":\"Organization\",\"@id\":\"https:\/\/taninbeauty.com\/#organization\",\"name\":\"Tanin Beauty\",\"url\":\"https:\/\/taninbeauty.com\/\",\"logo\":{\"@type\":\"ImageObject\",\"inLanguage\":\"de\",\"@id\":\"https:\/\/taninbeauty.com\/#\/schema\/logo\/image\/\",\"url\":\"https:\/\/taninbeauty.com\/wp-content\/uploads\/2024\/07\/logo-b-svg-04.svg\",\"contentUrl\":\"https:\/\/taninbeauty.com\/wp-content\/uploads\/2024\/07\/logo-b-svg-04.svg\",\"width\":166,\"height\":90,\"caption\":\"Tanin Beauty\"},\"image\":{\"@id\":\"https:\/\/taninbeauty.com\/#\/schema\/logo\/image\/\"}}]}<\/script>\n<!-- \/ Yoast SEO plugin. -->","yoast_head_json":{"title":"AGB - Tanin Beauty","robots":{"index":"index","follow":"follow","max-snippet":"max-snippet:-1","max-image-preview":"max-image-preview:large","max-video-preview":"max-video-preview:-1"},"canonical":"https:\/\/taninbeauty.com\/index.php\/agb\/","og_locale":"de_DE","og_type":"article","og_title":"AGB - Tanin Beauty","og_description":"Allgemeine Gesch\u00e4ftsbedingungen\u00a0 Der Auftraggeber verpflichtet sich, die Gesch\u00e4ftsbedingungen sorgf\u00e4ltig zu lesen und vollst\u00e4ndig zur Kenntnis zu nehmen. Die nachfolgenden AGB gelten f\u00fcr alle erteilten Auftr\u00e4ge. Sie gelten als vereinbart, wenn ihnen nicht umgehend widersprochen wird. Allgemeines Gegenstand des Auftrags ist die T\u00e4tigkeit des Make-up Artists zum vertraglich vereinbarten Zweck. Ein Vertragsverh\u00e4ltnis kommt ausschlie\u00dflich zwischen dem [&hellip;]","og_url":"https:\/\/taninbeauty.com\/index.php\/agb\/","og_site_name":"Tanin Beauty","article_modified_time":"2025-08-24T13:35:01+00:00","twitter_card":"summary_large_image","twitter_misc":{"Gesch\u00e4tzte Lesezeit":"6\u00a0Minuten"},"schema":{"@context":"https:\/\/schema.org","@graph":[{"@type":"WebPage","@id":"https:\/\/taninbeauty.com\/index.php\/agb\/","url":"https:\/\/taninbeauty.com\/index.php\/agb\/","name":"AGB - Tanin Beauty","isPartOf":{"@id":"https:\/\/taninbeauty.com\/#website"},"datePublished":"2025-03-03T09:56:03+00:00","dateModified":"2025-08-24T13:35:01+00:00","breadcrumb":{"@id":"https:\/\/taninbeauty.com\/index.php\/agb\/#breadcrumb"},"inLanguage":"de","potentialAction":[{"@type":"ReadAction","target":["https:\/\/taninbeauty.com\/index.php\/agb\/"]}]},{"@type":"BreadcrumbList","@id":"https:\/\/taninbeauty.com\/index.php\/agb\/#breadcrumb","itemListElement":[{"@type":"ListItem","position":1,"name":"Home","item":"https:\/\/taninbeauty.com\/"},{"@type":"ListItem","position":2,"name":"AGB"}]},{"@type":"WebSite","@id":"https:\/\/taninbeauty.com\/#website","url":"https:\/\/taninbeauty.com\/","name":"Tanin Beauty","description":"","publisher":{"@id":"https:\/\/taninbeauty.com\/#organization"},"potentialAction":[{"@type":"SearchAction","target":{"@type":"EntryPoint","urlTemplate":"https:\/\/taninbeauty.com\/?s={search_term_string}"},"query-input":{"@type":"PropertyValueSpecification","valueRequired":true,"valueName":"search_term_string"}}],"inLanguage":"de"},{"@type":"Organization","@id":"https:\/\/taninbeauty.com\/#organization","name":"Tanin Beauty","url":"https:\/\/taninbeauty.com\/","logo":{"@type":"ImageObject","inLanguage":"de","@id":"https:\/\/taninbeauty.com\/#\/schema\/logo\/image\/","url":"https:\/\/taninbeauty.com\/wp-content\/uploads\/2024\/07\/logo-b-svg-04.svg","contentUrl":"https:\/\/taninbeauty.com\/wp-content\/uploads\/2024\/07\/logo-b-svg-04.svg","width":166,"height":90,"caption":"Tanin Beauty"},"image":{"@id":"https:\/\/taninbeauty.com\/#\/schema\/logo\/image\/"}}]}},"_links":{"self":[{"href":"https:\/\/taninbeauty.com\/index.php\/wp-json\/wp\/v2\/pages\/1067","targetHints":{"allow":["GET"]}}],"collection":[{"href":"https:\/\/taninbeauty.com\/index.php\/wp-json\/wp\/v2\/pages"}],"about":[{"href":"https:\/\/taninbeauty.com\/index.php\/wp-json\/wp\/v2\/types\/page"}],"author":[{"embeddable":true,"href":"https:\/\/taninbeauty.com\/index.php\/wp-json\/wp\/v2\/users\/1"}],"replies":[{"embeddable":true,"href":"https:\/\/taninbeauty.com\/index.php\/wp-json\/wp\/v2\/comments?post=1067"}],"version-history":[{"count":13,"href":"https:\/\/taninbeauty.com\/index.php\/wp-json\/wp\/v2\/pages\/1067\/revisions"}],"predecessor-version":[{"id":1667,"href":"https:\/\/taninbeauty.com\/index.php\/wp-json\/wp\/v2\/pages\/1067\/revisions\/1667"}],"wp:attachment":[{"href":"https:\/\/taninbeauty.com\/index.php\/wp-json\/wp\/v2\/media?parent=1067"}],"curies":[{"name":"wp","href":"https:\/\/api.w.org\/{rel}","templated":true}]}}