{"id":22,"date":"2024-07-30T08:29:32","date_gmt":"2024-07-30T08:29:32","guid":{"rendered":"https:\/\/taninbeauty.com\/?page_id=22"},"modified":"2026-02-09T21:20:20","modified_gmt":"2026-02-09T21:20:20","slug":"uber-mich","status":"publish","type":"page","link":"https:\/\/taninbeauty.com\/index.php\/uber-mich\/","title":{"rendered":"\u00dcBER MICH"},"content":{"rendered":"\t\t<div data-elementor-type=\"wp-page\" data-elementor-id=\"22\" class=\"elementor elementor-22\" data-elementor-post-type=\"page\">\n\t\t\t\t<div class=\"elementor-element elementor-element-4555a3c5 e-grid e-con-boxed e-con e-parent\" data-id=\"4555a3c5\" data-element_type=\"container\">\n\t\t\t\t\t<div class=\"e-con-inner\">\n\t\t\t\t\t<\/div>\n\t\t\t\t<\/div>\n\t\t<div class=\"elementor-element elementor-element-85a73eb e-flex e-con-boxed e-con e-parent\" data-id=\"85a73eb\" data-element_type=\"container\" data-settings=\"{&quot;background_background&quot;:&quot;classic&quot;}\">\n\t\t\t\t\t<div class=\"e-con-inner\">\n\t\t<div class=\"elementor-element elementor-element-6131c40 e-con-full e-flex e-con e-child\" data-id=\"6131c40\" data-element_type=\"container\">\n\t\t\t\t<div class=\"elementor-element elementor-element-a89f3d3 elementor-widget elementor-widget-image\" data-id=\"a89f3d3\" data-element_type=\"widget\" data-widget_type=\"image.default\">\n\t\t\t\t<div class=\"elementor-widget-container\">\n\t\t\t\t\t\t\t\t\t\t\t\t\t\t\t<img fetchpriority=\"high\" decoding=\"async\" width=\"550\" height=\"826\" src=\"https:\/\/taninbeauty.com\/wp-content\/uploads\/2024\/07\/Tanin-Profile.jpg\" class=\"attachment-large size-large wp-image-168\" alt=\"Tanin\" srcset=\"https:\/\/taninbeauty.com\/wp-content\/uploads\/2024\/07\/Tanin-Profile.jpg 550w, https:\/\/taninbeauty.com\/wp-content\/uploads\/2024\/07\/Tanin-Profile-200x300.jpg 200w\" sizes=\"(max-width: 550px) 100vw, 550px\" \/>\t\t\t\t\t\t\t\t\t\t\t\t\t\t\t<\/div>\n\t\t\t\t<\/div>\n\t\t\t\t<\/div>\n\t\t<div class=\"elementor-element elementor-element-8a0c4ad e-con-full e-flex e-con e-child\" data-id=\"8a0c4ad\" data-element_type=\"container\">\n\t\t\t\t<div class=\"elementor-element elementor-element-e3b9e53 elementor-widget elementor-widget-text-editor\" data-id=\"e3b9e53\" data-element_type=\"widget\" data-widget_type=\"text-editor.default\">\n\t\t\t\t<div class=\"elementor-widget-container\">\n\t\t\t\t\t\t\t\t\t<h1><b>Biografie Tanin<\/b><\/h1><p>Als vielseitiger K\u00fcnstler mit herausragenden F\u00e4higkeiten in den Bereichen Make-up, Haarstyling, Visagistik, Brautstyling, Permanent Make-up und Microblading habe ich mich darauf spezialisiert, individuelle Looks zu kreieren, die die Pers\u00f6nlichkeit meiner Kunden perfekt unterstreichen. Mit langj\u00e4hriger Erfahrung und kreativer Expertise setze ich auf Perfektion, makellose Arbeitsweise und die Verwendung hochwertiger Produkte. Mein kontinuierliches Streben nach Innovation und Professionalit\u00e4t garantiert meinen Kunden ein H\u00f6chstma\u00df an Zufriedenheit.<\/p><p>Meine Dienstleistungen decken ein breites Spektrum ab: von Fotoshootings und Werbekampagnen bis hin zu Modenschauen und besonderen Anl\u00e4ssen wie Hochzeiten und Events. Mit fachkundiger Beratung und erstklassigem Service stelle ich sicher, dass meine Kunden f\u00fcr jeden Anlass perfekt gestylt sind. Meine Leidenschaft ist es, ein strahlendes L\u00e4cheln auf die Gesichter meiner Kunden zu zaubern und ihre Zufriedenheit zu gew\u00e4hrleisten.<\/p><p>Seit vielen Jahren arbeite ich erfolgreich mit Fotografen und Unternehmen aus verschiedenen Branchen zusammen. Mit Liebe zum Detail sorge ich f\u00fcr den perfekten Look, sei es bei Fotoproduktionen, Werbekampagnen, Modenschauen oder Fernsehauftritten. Meine Dienstleistungen umfassen einen mobilen Styling-Service f\u00fcr Hochzeits-Make-up und Haarstyling, Make-up-Beratung sowie Mode-Make-up und Styling f\u00fcr alle erdenklichen Anl\u00e4sse.<\/p><p>Als erfahrene und zertifizierte PMU-K\u00fcnstlerin freue ich mich darauf, Ihnen erstklassige Dienstleistungen in den Bereichen Permanent Make-up (PMU), PMU-Entfernung sowie Lash- und Browlifting anzubieten. Insbesondere im Bereich Permanent Make-up und Microblading zeichne ich mich durch innovative Techniken und individuell angepasste L\u00f6sungen aus, die die nat\u00fcrlichen Vorz\u00fcge meiner Kunden hervorheben und verst\u00e4rken.<\/p><p>Ich biete in ganz Europa besondere Haar- und Make-up-Dienstleistungen f\u00fcr Br\u00e4ute und besondere Anl\u00e4sse an, die f\u00fcr die sch\u00f6nsten Momente im Leben gemacht sind. Dabei lege ich gro\u00dfen Wert auf Personalisierung, Kunstfertigkeit, Eleganz, Fachwissen und h\u00f6chste Qualit\u00e4t, damit sich jede Kundin wundersch\u00f6n und gleichzeitig authentisch f\u00fchlt.<\/p>\t\t\t\t\t\t\t\t<\/div>\n\t\t\t\t<\/div>\n\t\t\t\t<div class=\"elementor-element elementor-element-7aa4ba1 elementor-widget__width-auto elementor-align-center elementor-widget elementor-widget-global elementor-global-2174 elementor-widget-button\" data-id=\"7aa4ba1\" data-element_type=\"widget\" data-widget_type=\"button.default\">\n\t\t\t\t<div class=\"elementor-widget-container\">\n\t\t\t\t\t\t\t\t\t<div class=\"elementor-button-wrapper\">\n\t\t\t\t\t<a class=\"elementor-button elementor-button-link elementor-size-sm\" href=\"https:\/\/taninbeauty.com\/index.php\/terminbuchung\/\" id=\"terminbuchung\">\n\t\t\t\t\t\t<span class=\"elementor-button-content-wrapper\">\n\t\t\t\t\t\t\t\t\t<span class=\"elementor-button-text\">Jetzt Behandlung buchen<\/span>\n\t\t\t\t\t<\/span>\n\t\t\t\t\t<\/a>\n\t\t\t\t<\/div>\n\t\t\t\t\t\t\t\t<\/div>\n\t\t\t\t<\/div>\n\t\t\t\t<\/div>\n\t\t<div class=\"elementor-element elementor-element-2f65a38 e-con-full e-flex e-con e-child\" data-id=\"2f65a38\" data-element_type=\"container\">\n\t\t\t\t<div class=\"elementor-element elementor-element-f84aa34 elementor-widget elementor-widget-text-editor\" data-id=\"f84aa34\" data-element_type=\"widget\" data-widget_type=\"text-editor.default\">\n\t\t\t\t<div class=\"elementor-widget-container\">\n\t\t\t\t\t\t\t\t\t<p>Neben meiner praktischen Arbeit biete ich auch eine Vielzahl von Schulungen, Workshops und Behandlungen an. Diese Programme sind darauf ausgerichtet, mein Wissen und meine F\u00e4higkeiten weiterzugeben und aufstrebenden K\u00fcnstlern zu helfen, ihre Techniken zu verfeinern und ihre Karriere voranzutreiben.<\/p><p>Ich lade Sie herzlich ein, einen Termin zu vereinbaren und sich von meinen vielf\u00e4ltigen Angeboten verw\u00f6hnen zu lassen. Entdecken Sie die Kunst der Sch\u00f6nheit und \u00c4sthetik auf h\u00f6chstem Niveau und lassen Sie sich von meiner Expertise begeistern.<\/p><h3><strong><span style=\"color: var( --e-global-color-text ); text-align: var(--text-align);\">\u00a0<\/span><\/strong><\/h3><h3><strong><span style=\"color: var( --e-global-color-text ); text-align: var(--text-align);\">Dienstleistungen<\/span><\/strong><\/h3><p>\u00a0\u2022 Make-up: Kreative und individuelle Looks f\u00fcr jeden Anlass.<\/p><p>\u00a0\u2022 Haarstyling: Perfekte Frisuren f\u00fcr Hochzeiten, Events und mehr.<\/p><p>\u00a0\u2022 Permanent Make-up: Langanhaltende Sch\u00f6nheit durch innovative Techniken.<\/p><p>\u00a0\u2022 Microblading: Perfekt geformte Augenbrauen, die Ihre nat\u00fcrliche Sch\u00f6nheit unterstreichen.<\/p><p>\u00a0\u2022 PMU-Entfernung: Schonende Entfernung von Permanent Make-up.<\/p><p>\u00a0\u2022 Lash- und Browlifting: Wimpern- und Augenbrauenlifting f\u00fcr einen nat\u00fcrlichen, ausdrucksstarken Look.<\/p><p>\u00a0\u2022 Brautstyling: Individuelle Haar- und Make-up-Dienstleistungen f\u00fcr Br\u00e4ute.<\/p><p>\u00a0\u2022 Haarentfernung mit Laser: Effektive und schonende Haarentfernung mit modernster Lasertechnologie.<\/p><p>\u00a0\u2022 Gesichtsbehandlung: Tiefenreinigende und revitalisierende Behandlungen f\u00fcr strahlende, gesunde Haut.<\/p><p>\u00a0\u2022 Hautverj\u00fcngung:\u00a0Innovative Behandlungen zur Verbesserung der Hautstruktur und Reduzierung von F\u00e4ltchen f\u00fcr ein jugendliches Aussehen.<\/p><p>\u00a0\u2022 Anti-Aging:\u00a0Spezialisierte Pflege und Behandlungen zur Bek\u00e4mpfung der Zeichen der Hautalterung und F\u00f6rderung einer frischen, straffen Haut.<\/p><h4><b>\u00a0<\/b><\/h4><h4><b>Kontakt<\/b><\/h4><p>Vereinbaren Sie einen Termin und lassen Sie sich von meinen vielf\u00e4ltigen Angeboten verw\u00f6hnen. Entdecken Sie die Kunst der Sch\u00f6nheit und \u00c4sthetik auf h\u00f6chstem Niveau und profitieren Sie von meiner langj\u00e4hrigen Erfahrung und Expertise.<\/p>\t\t\t\t\t\t\t\t<\/div>\n\t\t\t\t<\/div>\n\t\t\t\t<\/div>\n\t\t\t\t\t<\/div>\n\t\t\t\t<\/div>\n\t\t\t\t<\/div>\n\t\t","protected":false},"excerpt":{"rendered":"<p>Biografie Tanin Als vielseitiger K\u00fcnstler mit herausragenden F\u00e4higkeiten in den Bereichen Make-up, Haarstyling, Visagistik, Brautstyling, Permanent Make-up und Microblading habe ich mich darauf spezialisiert, individuelle Looks zu kreieren, die die Pers\u00f6nlichkeit meiner Kunden perfekt unterstreichen. Mit langj\u00e4hriger Erfahrung und kreativer Expertise setze ich auf Perfektion, makellose Arbeitsweise und die Verwendung hochwertiger Produkte. Mein kontinuierliches Streben [&hellip;]<\/p>\n","protected":false},"author":1,"featured_media":0,"parent":0,"menu_order":0,"comment_status":"closed","ping_status":"closed","template":"","meta":{"footnotes":""},"class_list":["post-22","page","type-page","status-publish","hentry"],"yoast_head":"<!-- This site is optimized with the Yoast SEO plugin v25.1 - https:\/\/yoast.com\/wordpress\/plugins\/seo\/ -->\n<title>\u00dcBER MICH - Tanin Beauty<\/title>\n<meta name=\"robots\" content=\"index, follow, max-snippet:-1, max-image-preview:large, max-video-preview:-1\" \/>\n<link rel=\"canonical\" href=\"https:\/\/taninbeauty.com\/index.php\/uber-mich\/\" \/>\n<meta property=\"og:locale\" content=\"de_DE\" \/>\n<meta property=\"og:type\" content=\"article\" \/>\n<meta property=\"og:title\" content=\"\u00dcBER MICH - Tanin Beauty\" \/>\n<meta property=\"og:description\" content=\"Biografie Tanin Als vielseitiger K\u00fcnstler mit herausragenden F\u00e4higkeiten in den Bereichen Make-up, Haarstyling, Visagistik, Brautstyling, Permanent Make-up und Microblading habe ich mich darauf spezialisiert, individuelle Looks zu kreieren, die die Pers\u00f6nlichkeit meiner Kunden perfekt unterstreichen. Mit langj\u00e4hriger Erfahrung und kreativer Expertise setze ich auf Perfektion, makellose Arbeitsweise und die Verwendung hochwertiger Produkte. Mein kontinuierliches Streben [&hellip;]\" \/>\n<meta property=\"og:url\" content=\"https:\/\/taninbeauty.com\/index.php\/uber-mich\/\" \/>\n<meta property=\"og:site_name\" content=\"Tanin Beauty\" \/>\n<meta property=\"article:modified_time\" content=\"2026-02-09T21:20:20+00:00\" \/>\n<meta property=\"og:image\" content=\"https:\/\/taninbeauty.com\/wp-content\/uploads\/2024\/07\/Tanin-Profile.jpg\" \/>\n\t<meta property=\"og:image:width\" content=\"550\" \/>\n\t<meta property=\"og:image:height\" content=\"826\" \/>\n\t<meta property=\"og:image:type\" content=\"image\/jpeg\" \/>\n<meta name=\"twitter:card\" content=\"summary_large_image\" \/>\n<meta name=\"twitter:label1\" content=\"Gesch\u00e4tzte Lesezeit\" \/>\n\t<meta name=\"twitter:data1\" content=\"4\u00a0Minuten\" \/>\n<script type=\"application\/ld+json\" class=\"yoast-schema-graph\">{\"@context\":\"https:\/\/schema.org\",\"@graph\":[{\"@type\":\"WebPage\",\"@id\":\"https:\/\/taninbeauty.com\/index.php\/uber-mich\/\",\"url\":\"https:\/\/taninbeauty.com\/index.php\/uber-mich\/\",\"name\":\"\u00dcBER MICH - Tanin Beauty\",\"isPartOf\":{\"@id\":\"https:\/\/taninbeauty.com\/#website\"},\"primaryImageOfPage\":{\"@id\":\"https:\/\/taninbeauty.com\/index.php\/uber-mich\/#primaryimage\"},\"image\":{\"@id\":\"https:\/\/taninbeauty.com\/index.php\/uber-mich\/#primaryimage\"},\"thumbnailUrl\":\"https:\/\/taninbeauty.com\/wp-content\/uploads\/2024\/07\/Tanin-Profile.jpg\",\"datePublished\":\"2024-07-30T08:29:32+00:00\",\"dateModified\":\"2026-02-09T21:20:20+00:00\",\"breadcrumb\":{\"@id\":\"https:\/\/taninbeauty.com\/index.php\/uber-mich\/#breadcrumb\"},\"inLanguage\":\"de\",\"potentialAction\":[{\"@type\":\"ReadAction\",\"target\":[\"https:\/\/taninbeauty.com\/index.php\/uber-mich\/\"]}]},{\"@type\":\"ImageObject\",\"inLanguage\":\"de\",\"@id\":\"https:\/\/taninbeauty.com\/index.php\/uber-mich\/#primaryimage\",\"url\":\"https:\/\/taninbeauty.com\/wp-content\/uploads\/2024\/07\/Tanin-Profile.jpg\",\"contentUrl\":\"https:\/\/taninbeauty.com\/wp-content\/uploads\/2024\/07\/Tanin-Profile.jpg\",\"width\":550,\"height\":826,\"caption\":\"Tanin\"},{\"@type\":\"BreadcrumbList\",\"@id\":\"https:\/\/taninbeauty.com\/index.php\/uber-mich\/#breadcrumb\",\"itemListElement\":[{\"@type\":\"ListItem\",\"position\":1,\"name\":\"Home\",\"item\":\"https:\/\/taninbeauty.com\/\"},{\"@type\":\"ListItem\",\"position\":2,\"name\":\"\u00dcBER MICH\"}]},{\"@type\":\"WebSite\",\"@id\":\"https:\/\/taninbeauty.com\/#website\",\"url\":\"https:\/\/taninbeauty.com\/\",\"name\":\"Tanin Beauty\",\"description\":\"\",\"publisher\":{\"@id\":\"https:\/\/taninbeauty.com\/#organization\"},\"potentialAction\":[{\"@type\":\"SearchAction\",\"target\":{\"@type\":\"EntryPoint\",\"urlTemplate\":\"https:\/\/taninbeauty.com\/?s={search_term_string}\"},\"query-input\":{\"@type\":\"PropertyValueSpecification\",\"valueRequired\":true,\"valueName\":\"search_term_string\"}}],\"inLanguage\":\"de\"},{\"@type\":\"Organization\",\"@id\":\"https:\/\/taninbeauty.com\/#organization\",\"name\":\"Tanin Beauty\",\"url\":\"https:\/\/taninbeauty.com\/\",\"logo\":{\"@type\":\"ImageObject\",\"inLanguage\":\"de\",\"@id\":\"https:\/\/taninbeauty.com\/#\/schema\/logo\/image\/\",\"url\":\"https:\/\/taninbeauty.com\/wp-content\/uploads\/2024\/07\/logo-b-svg-04.svg\",\"contentUrl\":\"https:\/\/taninbeauty.com\/wp-content\/uploads\/2024\/07\/logo-b-svg-04.svg\",\"width\":166,\"height\":90,\"caption\":\"Tanin Beauty\"},\"image\":{\"@id\":\"https:\/\/taninbeauty.com\/#\/schema\/logo\/image\/\"}}]}<\/script>\n<!-- \/ Yoast SEO plugin. -->","yoast_head_json":{"title":"\u00dcBER MICH - Tanin Beauty","robots":{"index":"index","follow":"follow","max-snippet":"max-snippet:-1","max-image-preview":"max-image-preview:large","max-video-preview":"max-video-preview:-1"},"canonical":"https:\/\/taninbeauty.com\/index.php\/uber-mich\/","og_locale":"de_DE","og_type":"article","og_title":"\u00dcBER MICH - Tanin Beauty","og_description":"Biografie Tanin Als vielseitiger K\u00fcnstler mit herausragenden F\u00e4higkeiten in den Bereichen Make-up, Haarstyling, Visagistik, Brautstyling, Permanent Make-up und Microblading habe ich mich darauf spezialisiert, individuelle Looks zu kreieren, die die Pers\u00f6nlichkeit meiner Kunden perfekt unterstreichen. Mit langj\u00e4hriger Erfahrung und kreativer Expertise setze ich auf Perfektion, makellose Arbeitsweise und die Verwendung hochwertiger Produkte. Mein kontinuierliches Streben [&hellip;]","og_url":"https:\/\/taninbeauty.com\/index.php\/uber-mich\/","og_site_name":"Tanin Beauty","article_modified_time":"2026-02-09T21:20:20+00:00","og_image":[{"width":550,"height":826,"url":"https:\/\/taninbeauty.com\/wp-content\/uploads\/2024\/07\/Tanin-Profile.jpg","type":"image\/jpeg"}],"twitter_card":"summary_large_image","twitter_misc":{"Gesch\u00e4tzte Lesezeit":"4\u00a0Minuten"},"schema":{"@context":"https:\/\/schema.org","@graph":[{"@type":"WebPage","@id":"https:\/\/taninbeauty.com\/index.php\/uber-mich\/","url":"https:\/\/taninbeauty.com\/index.php\/uber-mich\/","name":"\u00dcBER MICH - Tanin Beauty","isPartOf":{"@id":"https:\/\/taninbeauty.com\/#website"},"primaryImageOfPage":{"@id":"https:\/\/taninbeauty.com\/index.php\/uber-mich\/#primaryimage"},"image":{"@id":"https:\/\/taninbeauty.com\/index.php\/uber-mich\/#primaryimage"},"thumbnailUrl":"https:\/\/taninbeauty.com\/wp-content\/uploads\/2024\/07\/Tanin-Profile.jpg","datePublished":"2024-07-30T08:29:32+00:00","dateModified":"2026-02-09T21:20:20+00:00","breadcrumb":{"@id":"https:\/\/taninbeauty.com\/index.php\/uber-mich\/#breadcrumb"},"inLanguage":"de","potentialAction":[{"@type":"ReadAction","target":["https:\/\/taninbeauty.com\/index.php\/uber-mich\/"]}]},{"@type":"ImageObject","inLanguage":"de","@id":"https:\/\/taninbeauty.com\/index.php\/uber-mich\/#primaryimage","url":"https:\/\/taninbeauty.com\/wp-content\/uploads\/2024\/07\/Tanin-Profile.jpg","contentUrl":"https:\/\/taninbeauty.com\/wp-content\/uploads\/2024\/07\/Tanin-Profile.jpg","width":550,"height":826,"caption":"Tanin"},{"@type":"BreadcrumbList","@id":"https:\/\/taninbeauty.com\/index.php\/uber-mich\/#breadcrumb","itemListElement":[{"@type":"ListItem","position":1,"name":"Home","item":"https:\/\/taninbeauty.com\/"},{"@type":"ListItem","position":2,"name":"\u00dcBER MICH"}]},{"@type":"WebSite","@id":"https:\/\/taninbeauty.com\/#website","url":"https:\/\/taninbeauty.com\/","name":"Tanin Beauty","description":"","publisher":{"@id":"https:\/\/taninbeauty.com\/#organization"},"potentialAction":[{"@type":"SearchAction","target":{"@type":"EntryPoint","urlTemplate":"https:\/\/taninbeauty.com\/?s={search_term_string}"},"query-input":{"@type":"PropertyValueSpecification","valueRequired":true,"valueName":"search_term_string"}}],"inLanguage":"de"},{"@type":"Organization","@id":"https:\/\/taninbeauty.com\/#organization","name":"Tanin Beauty","url":"https:\/\/taninbeauty.com\/","logo":{"@type":"ImageObject","inLanguage":"de","@id":"https:\/\/taninbeauty.com\/#\/schema\/logo\/image\/","url":"https:\/\/taninbeauty.com\/wp-content\/uploads\/2024\/07\/logo-b-svg-04.svg","contentUrl":"https:\/\/taninbeauty.com\/wp-content\/uploads\/2024\/07\/logo-b-svg-04.svg","width":166,"height":90,"caption":"Tanin Beauty"},"image":{"@id":"https:\/\/taninbeauty.com\/#\/schema\/logo\/image\/"}}]}},"_links":{"self":[{"href":"https:\/\/taninbeauty.com\/index.php\/wp-json\/wp\/v2\/pages\/22","targetHints":{"allow":["GET"]}}],"collection":[{"href":"https:\/\/taninbeauty.com\/index.php\/wp-json\/wp\/v2\/pages"}],"about":[{"href":"https:\/\/taninbeauty.com\/index.php\/wp-json\/wp\/v2\/types\/page"}],"author":[{"embeddable":true,"href":"https:\/\/taninbeauty.com\/index.php\/wp-json\/wp\/v2\/users\/1"}],"replies":[{"embeddable":true,"href":"https:\/\/taninbeauty.com\/index.php\/wp-json\/wp\/v2\/comments?post=22"}],"version-history":[{"count":52,"href":"https:\/\/taninbeauty.com\/index.php\/wp-json\/wp\/v2\/pages\/22\/revisions"}],"predecessor-version":[{"id":2182,"href":"https:\/\/taninbeauty.com\/index.php\/wp-json\/wp\/v2\/pages\/22\/revisions\/2182"}],"wp:attachment":[{"href":"https:\/\/taninbeauty.com\/index.php\/wp-json\/wp\/v2\/media?parent=22"}],"curies":[{"name":"wp","href":"https:\/\/api.w.org\/{rel}","templated":true}]}}